l(f) = f. Let h(u) = 5*l(u) - z(u). What is h(4)?
6
Let h(m) be the first derivative of 7*m**6/180 - m**5/120 + m**4/24 - 2*m**3/3 - 1. Let c(z) be the third derivative of h(z). Give c(1).
14
Let z(r) be the third derivative of r**6/360 + r**5/120 - 11*r**4/24 - 2*r**3/3 - 5*r**2. Let i(s) be the first derivative of z(s). Determine i(0).
-11
Suppose c = -5*u - 8 - 7, -u + 5*c - 29 = 0. Let w(m) = 10*m**3 + 19*m**2 - m - 1. Let n(j) = -7*j**3 - 13*j**2 + j + 1. Let a(d) = 7*n(d) + 5*w(d). Give a(u).
-6
Let b(t) = 2*t**2 - 5*t + 1. Let j(c) = -c**2 + 2*c. Let d(z) = -3*b(z) - 7*j(z). Calculate d(0).
-3
Let l be 4*((-3)/4)/(-1). Let n(f) = 4*f**2 - 3*f + 1. Let x(t) = -t**2 - t + 1. Suppose -v + 2 = -0. Let q(b) = v*x(b) + n(b). Give q(l).
6
Let k(h) be the third derivative of 7*h**6/120 + h**5/60 - h**4/24 + h**3/6 + 2*h**2. Suppose -5*f - 5*p = -2*p + 10, -f - 2*p - 9 = 0. Determine k(f).
8
Suppose 20*h - 9*h - 22 = 0. Let w(a) be the second derivative of 1/6*a**3 - 1/2*a**h - 4*a + 0 + 1/12*a**4. What is w(-3)?
5
Let j(t) = -t**2 + t + 3. Suppose 2 - 14 = 2*m. Suppose 3*w = -3 - 6, -19 = -5*r + 3*w. Let a be r/m - (-1)/3. What is j(a)?
3
Let d(v) be the second derivative of v - 1/2*v**2 + 0 - 1/12*v**4 + 1/6*v**3 + 1/20*v**5. Let j(h) = h - 3. Let n be j(3). Give d(n).
-1
Suppose 4*p = 3*o + 5*p + 17, 0 = 2*o + 2*p + 10. Let w = o - -3. Let j(k) = -k**3 - 2*k**2 + 2*k + 2. What is j(w)?
5
Let s = -2 - 0. Let u(c) be the third derivative of -c**6/120 - c**5/12 - c**4/12 - c**3/2 + 5*c**2. What is u(s)?
-11
Suppose 6 - 18 = -3*b. Let i(w) = -b*w**2 - w + 2*w**2 + 3*w**2 + 5*w - 3. Suppose -2*h + h - 4 = 0. What is i(h)?
-3
Let l(t) be the first derivative of -t**4/4 + 2*t**3/3 - t**2 + t - 1. Suppose 29*m + 288 = 32*m. Let x be (-6)/(-16) + 60/m. What is l(x)?
0
Let z(c) be the first derivative of 4*c**2 + 1/3*c**3 + 5 + 5*c. Give z(-5).
-10
Let t(r) = 2*r**2 + 5*r - 3. Suppose 6 = 6*i - 6. Suppose 2*p + 10 - i = 0. What is t(p)?
9
Let q(j) = 1 + 5 + 0*j - j. Let o = -11 - -16. Suppose -3*u = -5*p + 2*p, -o*u - p = 0. Give q(u).
6
Let c(s) = -4*s - s**2 + 4 + 0 - s**2. Suppose 4*h - 3 = -19. Calculate c(h).
-12
Let a(z) = 0*z + 5 + 7*z - 2*z - z. Give a(-5).
-15
Let s(q) be the second derivative of 0 - 2*q**2 + 1/3*q**3 + 2*q. Give s(4).
4
Let l(j) be the first derivative of j - 1/6*j**3 - 1/2*j**2 + 2. Let v(q) be the first derivative of l(q). Calculate v(-4).
3
Let r(k) = -52*k + 0*k**2 + 51*k + k**2 - 1 + 16*k**3 - 2*k**2. Give r(-1).
-17
Let r(b) = -b**3 + 6*b**2 - 3*b - 6. Let u be r(5). Let f(n) = n**3 - 3*n**2 - 4*n. Let j be f(u). Let h(z) = -z + 7. What is h(j)?
7
Let n(j) be the first derivative of -j**3 - j**2 - j + 1. Let t = 140 + -142. Determine n(t).
-9
Let w(s) = s**2 - 5*s - 1. Let h(a) = a**2 - 5*a - 2. Let t(n) = -6*h(n) + 5*w(n). Let q = -107 + 112. Determine t(q).
7
Let d(k) = k**3 - 4*k**2 - 7*k + 1. Let q = 39 - 34. Calculate d(q).
-9
Let a(x) = 3*x + 2. Let q(l) = 7*l - 16. Let w be q(2). Calculate a(w).
-4
Let c = 6 + -11. Let g(n) = -11*n - 14. Let z(v) = -5*v - 7. Let t(y) = -2*g(y) + 5*z(y). Calculate t(c).
8
Let h(y) = -8*y. Let q(m) = 32*m - 1. Let v(k) = 9*h(k) + 2*q(k). Let o = -32 + 30. Calculate v(o).
14
Let i(s) = 192 - 94 - 100 - 2*s. Give i(4).
-10
Suppose -j + 3 = -5*c, 2*c + 3 = -c + j. Let g(f) = 0*f + c*f - 4*f. What is g(-2)?
8
Suppose k = -x + 6 - 1, x = 5*k - 25. Let b = 4 + 0. Suppose 0 = -k*w - 6 - b. Let o(u) = -u**2 + u + 2. Calculate o(w).
-4
Let f(g) = g**2 - 5*g - 9. Let p be f(7). Let o(k) = -k - p*k + 3*k. Let j(m) = -2*m + 1. Let x(w) = -4*j(w) + 3*o(w). Determine x(-5).
1
Let n(t) = -3 - 4 + 5. Let j(g) = -4*g**2 + g + 23. Let m(u) = 2*j(u) + 22*n(u). Let r(h) = 7*h**2 - h - 1. Let k(s) = -6*m(s) - 7*r(s). Give k(-5).
-5
Let u(r) = -2*r - 213*r**2 + 0*r + r + 212*r**2 - 10. Calculate u(0).
-10
Let j(r) be the first derivative of -r**3/3 - 2*r**2 - 3*r - 14. What is j(-2)?
1
Let m(p) = p**3 - 9*p**2 - 21*p - 9. Let r be m(11). Let c(b) = 0*b - 7 - b + 0*b + b**3 + 6*b**r. Suppose -3*u - 24 = u. Give c(u).
-1
Suppose p + 3*p - 16 = 0. Let w(n) = -30*n + 6*n**2 + 14*n - n**3 + 0*n**3 + 11*n. Determine w(p).
12
Let f(a) = a**3 + 6*a**2 + 4*a + 2. Let u = -46 + 41. What is f(u)?
7
Let b(u) be the first derivative of u**5/60 + u**4/4 - u**3/2 - 3*u**2/2 - 2. Let j(f) be the second derivative of b(f). Calculate j(-5).
-8
Let d(r) = 2*r - 2. Let l be (-6)/(-2)*-1 - (-5 + -3). Determine d(l).
8
Suppose -5*a - 21 = 4*s - 2, -2*a - 4*s + 2 = 0. Let c(g) = -g**2 - 7*g - 6. Give c(a).
-6
Suppose -4*s - 13 = -5*j, -j + s - 23 = -5*j. Let w(z) = -1. Let d(g) = -g + 8. Let m(f) = d(f) + 2*w(f). Determine m(j).
1
Suppose -3*z + 5*v = 10, -4*z - 15 = -4*v - v. Let c(i) = -i**2 - 7*i - 3. Calculate c(z).
7
Let w(s) be the first derivative of 1 - 3/2*s**2 + 2*s + 1/3*s**3 - 1/4*s**4. Calculate w(2).
-8
Suppose 2*h + 10 = -2*o, -3*o + 7 = -2*o - 5*h. Let p(g) = -2 - g + 3*g - 1 - 3*g**2 + 5*g**2. Give p(o).
9
Let o(g) = -3*g - 3. Let z be o(-2). Let n = z + -1. Suppose f = -n*x - 1, -f - 2 = -3*x + 4. Let r(w) = 5*w**3 + 1. Determine r(x).
6
Let w(h) = -h**3 - 5*h**2 - 3*h. Let b be ((-8)/6)/((-4)/(-18)). Let s = -10 - b. Give w(s).
-4
Let v(p) = -p**2 + 5*p - 10. Let b(s) = 3*s**2 - 15*s + 29. Let j(x) = 3*b(x) + 8*v(x). Calculate j(6).
13
Let u(f) = -2*f. Let b be 1/((15/(-9))/(-5)). Let m = 1 - b. Determine u(m).
4
Let x(g) = g**3 + 8*g**2 + 6*g - 9. Let y be -1 - -2 - (3 + -27). Suppose -2*o - 4*j - 23 = -j, -4*o = -j + y. Give x(o).
-2
Let p(c) be the third derivative of -7*c**4/24 + c**3/3 + 29*c**2. Give p(-3).
23
Let l(m) = -2*m**2 - 3 + 2 + m**2 - 2*m + 4*m**2. What is l(-1)?
4
Let t(g) = 4*g**2 - 4*g + 6. Let o(j) = -j**2 + j - 1. Let u(k) = -5*o(k) - t(k). Let v(i) = 2*i**2 - i - 2. Let b(h) = -3*u(h) + 2*v(h). Give b(3).
11
Let b(k) = 19*k + 24*k + 1 + 24*k - 61*k - k**3 + 5*k**2. Suppose 3*y + 5*p = 7 + 11, 5*p = 0. Give b(y).
1
Let j(r) be the second derivative of -r**7/2520 - r**6/720 - r**5/60 + r**4/4 + 2*r. Let s(v) be the third derivative of j(v). Determine s(-2).
-4
Let f(c) = 15*c - 16. Let a(i) = 10*i - 11. Let g(t) = 7*a(t) - 5*f(t). Let r = 6 + -4. Suppose -3*l + r*l = -2. Give g(l).
-7
Suppose -3*v + 5 = -1. Let x(y) = v - 1 + y**3 + 1 - 4*y**2. Determine x(2).
-6
Let g = 6 - 4. Suppose 2*n = -6, 0*l - 26 = -4*l + g*n. Let y(a) = 0*a**2 - 1 - 7*a - l + 2*a - a**2. Calculate y(-5).
-6
Let l(a) = -a**2 - a - 2. Let p(m) = 4*m**2 + 4*m + 6. Let h(t) = -7*l(t) - 2*p(t). Calculate h(2).
-4
Let f(j) be the third derivative of j**5/60 + j**4/4 - 2*j**3/3 + 4*j**2. What is f(-5)?
-9
Suppose t - 1 = -3*o, 3*t + t + 28 = 4*o. Let j be -4 - (-1)/(o/4). Let f(n) = -42 + 42 + n**2. Give f(j).
4
Let a(q) be the second derivative of -1/3*q**3 + 2*q + 0 + 1/60*q**5 + 0*q**4 + 0*q**2. Let o(k) be the second derivative of a(k). Determine o(-3).
-6
Let l(j) be the third derivative of -j**5/60 - 5*j**4/24 + 2*j**2. Let d be (-38)/8 - 11/44. Calculate l(d).
0
Suppose -6 + 0 = a. Let x(v) = -21*v - 3 + 2 + 22*v - 5. What is x(a)?
-12
Let b(d) be the second derivative of d**3/6 - d**2/2 - d. Suppose -31 = 5*t - 11. Let n be (-23)/(-5) - t/10. Calculate b(n).
4
Suppose 0 = 4*d - 3*d. Let r(y) be the second derivative of 1/6*y**3 - 5*y + y**2 + 0. Calculate r(d).
2
Let y be (-13)/4 - (-2)/8. Let f be ((-6)/(-8))/(2/8). Let b(k) = -6*k + 12 - 8 + f*k. Calculate b(y).
13
Let a = 23 - 20. Let m(q) = q**3 - 4*q**2 + 2*q - 4. Determine m(a).
-7
Let d be (-14)/4*(-72)/126. Let m(p) = p**3 - 5*p**2 + 3*p. Calculate m(d).
-6
Let n(t) = t**2 + 24*t + 0*t**2 - 49*t + 3 + 19*t. Calculate n(5).
-2
Let g(r) be the first derivative of r**7/840 - r**6/180 + r**5/40 - r**4/8 - r**3/3 + 1. Let i(a) be the third derivative of g(a). Determine i(2).
3
Let g(o) be the second derivative of 0*o**2 + 1/3*o**3 + 0 + 3*o. Suppose 3*p + 3 = -0. What is g(p)?
-2
Suppose 6 = 5*x - 4. Let s(o) = 2*o - 3*o + 2 + x*o. What is s(3)?
5
Let k(n) = 5*n - 7. Let b(o) = -4*o + 6. Let u(l) = -4*b(l) - 3*k(l). Suppose 2*f - 11 = 7. Suppose 0*a = -g - 3*a - f, g + 17 = -5*a. Give u(g).
0
Let i = 15 - 9. Let k(f) = -f**3 - 6*f**2 - i*f + 0*f**3 + 2*f. Let a = 2 - 7. Determine k(a).
-5
Let a(r) be the second derivative of r**4/6 - 7*r**3/6 - r**2 - 